 n(r). Let o = 9 + -13. List the prime factors of b(o).
2
Suppose b + 5*x - 2 = 3*x, x + 34 = 3*b. Suppose q + b*q = 1089. What are the prime factors of q?
3, 11
Let f(w) = w**3 - 2*w**2 + w - 4. Suppose -10*j = -11*j + 19. Let z = 22 - j. List the prime factors of f(z).
2
Let n(o) = 2*o**3 + 31*o**2 - 17*o - 285. List the prime factors of n(-14).
541
Let w(l) = 3*l**3 + 2*l**2 - 3*l + 8. Let r be w(-4). List the prime factors of ((-8)/(-5))/((-8)/r).
2, 7
Let n(t) = t**3 - 2*t**2 + 3*t - 3. Let c be n(4). Suppose c = 2*p - 63. What are the prime factors of p?
2, 13
List the prime factors of (14450/119)/((-2)/(-7)).
5, 17
Suppose 0 = -s - s - 136. Let d = -28 - s. Let i = d - 17. List the prime factors of i.
23
Suppose -8*s = 7*s - 10215. List the prime factors of s.
3, 227
Let h(a) be the third derivative of -a**6/120 - a**5/60 + 6*a**3 + 11*a**2. Suppose -4*w = -3*o - 2*o, 3*o - w = 0. What are the prime factors of h(o)?
2, 3
Suppose 4 = 6*t - 14. Let w(r) = 4*r**2 - r + 13. What are the prime factors of w(t)?
2, 23
Let b(n) = -n**2 - 9*n + 22. Let h be b(6). What are the prime factors of (h/16)/((-1)/12)?
3, 17
Let k be (2/4)/(2/(-20)). Let d(l) = l**2 - l + 1. Let v(m) = -m**3 - 10*m**2 + 4*m - 6. Let u(c) = 6*d(c) + v(c). What are the prime factors of u(k)?
5, 7
Let y = 17 + -13. Suppose 3*g + 2 = -2*n + 18, g - y = 0. Let b(x) = 4*x - 3. What are the prime factors of b(n)?
5
Let w(o) = o**3 + 21*o**2 - 95*o - 30. List the prime factors of w(-24).
2, 3, 29
Suppose -f + 35 = -3. What are the prime factors of f?
2, 19
Let w = 95 - -22. Let n = -79 + w. List the prime factors of n.
2, 19
Let f(j) = 2*j**2 + 38*j + 21. List the prime factors of f(18).
3, 11, 41
Let m = -43 - -50. Let c(h) = h**3 - 7*h**2 + 5*h + 12. List the prime factors of c(m).
47
Let p(t) = t**2 + 4*t - 41. Let q be p(5). Suppose 5 = -5*f, -5*d - q*f + 1514 = -3*f. What are the prime factors of d?
3, 101
Let o = 75 - 82. List the prime factors of o/((-42)/558) + 0 + -4.
89
Suppose 132 = 38*h - 35*h. Suppose -4*b = -3*b + 4*q - h, -4*q + 4 = 0. What are the prime factors of b?
2, 5
Suppose 119*v - 278610 = 163475. What are the prime factors of v?
5, 743
Let p = -1623 + 6194. List the prime factors of p.
7, 653
Let x(t) = 4*t - 15. Let c be x(11). Suppose 3*o + 0 = -3, -q - o = -c. List the prime factors of q.
2, 3, 5
Suppose 4*d + 12 = 8*d. Let u be (d - -1)/(-3 - -5). Suppose u*o - 111 = -o. List the prime factors of o.
37
Let h(t) = t - 1. Let a(p) = -32*p + 13. Let o(s) = a(s) + 6*h(s). List the prime factors of o(-3).
5, 17
Let o(c) = -c**3 - c**2 - 4*c + 153. List the prime factors of o(0).
3, 17
Suppose -4*v = 44 + 36. Let a = 68 + v. List the prime factors of a.
2, 3
Suppose 4*q = -3*z - z + 680, -3*z - 2*q = -510. Suppose z - 2 = 6*x. What are the prime factors of x?
2, 7
Let k be -5*(1 - (1 - -3)). Suppose -2*l + 5*x + 26 = 0, -3*l + 5*x + k = -14. What are the prime factors of 3 + (24 + 1 - l)?
5
Let b = 513 - -731. What are the prime factors of b?
2, 311
Let w = -9 + -2. Let a = w - -85. Suppose -2*k + 2*z + 38 = 0, -5*k - 2*z = -0 - a. What are the prime factors of k?
2
Let w(i) = -2*i**3 - 2*i**2 - 3*i - 3. Let z be w(-2). Let a be 1 + 1 + (-3 - z). Let l = a + 29. What are the prime factors of l?
17
Suppose 44 = 2*q - 5*f - 85, -3*q - 2*f + 184 = 0. Suppose -5*w + q = -323. List the prime factors of w.
7, 11
Suppose 8*t - 13 = 19. Suppose -254 = t*h - 6*h. What are the prime factors of h?
127
Suppose 3*k - 13796 = -5*h - k, 4*k - 16 = 0. What are the prime factors of h?
2, 13, 53
What are the prime factors of 70/(-28) + (-5906)/(-4)?
2, 11, 67
Suppose 0*s = 3*s - 6. Let j be (-1132)/(-9) - s/(-9). Suppose a + 2*a = j. What are the prime factors of a?
2, 3, 7
Let g(j) = 73*j - 130. List the prime factors of g(4).
2, 3
Let h be 0 + -1*(10 - 4). Let k = h - -8. Suppose i + 0*i + 3*w - 57 = 0, -3*i - k*w + 206 = 0. List the prime factors of i.
2, 3
Let d be 34/10 + (-4)/10. Suppose -21 = -3*q + 4*n - 10, -29 = -q - 5*n. Suppose d = -o + q. List the prime factors of o.
2, 3
Suppose 14*n - 3321 = -703. What are the prime factors of n?
11, 17
Let q = 530 - -1244. List the prime factors of q.
2, 887
Let u be (-45)/(-18)*24/15. Suppose u*b = -6*b + 1900. What are the prime factors of b?
2, 5, 19
Let s(l) = -l + 8. Let j = 1 + 2. Let t be 4 + 3/(j/2). List the prime factors of s(t).
2
What are the prime factors of -9 + (-325)/(-35) - (-8930)/7?
2, 11, 29
Suppose -5*b + b = 0. Let l(i) = -i - i + i + 10 + 0*i. What are the prime factors of l(b)?
2, 5
Let p(s) = -2*s - 7. Let f be p(5). Let t = f - 8. Let x = -20 - t. What are the prime factors of x?
5
Suppose 4*z - 2*i = 28, 2*i = -3*z + 3*i + 22. Let s(t) = -5 + 3*t + z*t - 6 + 8. What are the prime factors of s(3)?
2, 3, 5
Let f be ((-5)/3)/(3/(-9)). Suppose -225 = -4*s - f*u, -25 = -s + 2*u + 15. What are the prime factors of s?
2, 5
Let c(q) = -2*q + 24. Suppose 4*w - 4*o + 38 + 18 = 0, -5*o = 25. List the prime factors of c(w).
2, 31
Suppose -26*s = 32*s - 136242. What are the prime factors of s?
3, 29
Suppose -15157 = 4*y - 7*y - 2*s, 2*y - 10118 = -4*s. What are the prime factors of y?
3, 11, 17
What are the prime factors of 10/(-6) - (12966/(-9))/1?
1439
List the prime factors of 493/2 + 12/(-8).
5, 7
List the prime factors of (-6)/12*316/5*-5.
2, 79
Suppose -9 = -3*o + 4*s, 2*s + 6 = 2*o - s. Suppose o*l + 0*l = -2*n + 224, -5*n + 308 = 4*l. List the prime factors of l.
2, 3
Suppose -103 = -9*b + 779. Let s = 135 - b. What are the prime factors of s?
37
Let q(m) be the third derivative of -19*m**4/8 + 5*m**3/3 - 5*m**2. List the prime factors of q(-3).
181
Suppose -335 = -5*a + 3*x, 4*a = 2*a - x + 134. Suppose -4*b = t - a, 0*b + b + 5*t = 31. What are the prime factors of b?
2
Let s(h) be the first derivative of h**4/2 + h**3/3 - h**2 + h + 1. Let o be s(1). Suppose f + o = 6. List the prime factors of f.
2
Let k(f) be the first derivative of -f**4/4 + 4*f**3/3 + 3*f**2 - 3*f - 1. Suppose 39 = -26*p + 143. List the prime factors of k(p).
3, 7
Let n = -11 + 28. Suppose n*q - 18*q = -10. What are the prime factors of q?
2, 5
Suppose -5*r = 5*q - 45, -q = -2*q - 3*r + 9. Suppose -q = -3*i, 0*h - 5*h - 2*i + 51 = 0. Let x = 18 + h. What are the prime factors of x?
3
Let x(g) = 1 - 40*g - 116*g + 62*g. What are the prime factors of x(-1)?
5, 19
Let p be (1/3)/((-2)/(-6)). Suppose -p = -l + 3*u - 7, -5*u = -2*l - 9. Suppose 0 = l*w - 7*w - 4*i + 52, 4 = -i. List the prime factors of w.
17
Let g be -3 + ((-6)/(-3) + -9)/(-1). Suppose 2*k - 156 = g*y + 212, -3*y - 721 = -4*k. What are the prime factors of k?
2, 89
Let c(p) = -128*p**3 + 121*p**3 - p - 2*p**2 - 2 + p**2. What are the prime factors of c(-2)?
2, 13
Suppose 4 = -2*g - 2, -3*b - 4*g = -321. Suppose 0 = -u + b - 14. What are the prime factors of u?
97
Suppose -3*y + y + 4 = 0. Let x(i) = 2 - i**2 + 4*i**y - 6. What are the prime factors of x(3)?
23
Let x(g) = 2*g**2 + 5*g + 7. Let h be x(-3). Let a = 40 + h. What are the prime factors of a?
2, 5
Suppose 17*m - 688 = 15*m. What are the prime factors of m?
2, 43
Let a = 416 - 796. Let w = 560 + a. What are the prime factors of w?
2, 3, 5
Let n be (6/(-4))/((-6)/16). Suppose 3*i - 3*d + 23 = 5*i, -4*d = -n*i + 76. List the prime factors of i.
2
Let s = 529 + -357. What are the prime factors of s?
2, 43
Let c = 345 - 162. List the prime factors of c.
3, 61
Suppose 7*t = 65 + 4877. What are the prime factors of t?
2, 353
Suppose 0 = 75*v - 74*v - 5. Suppose -5*i = -4*a + v*a - 841, 0 = -2*i + 5*a + 358. What are the prime factors of i?
13
Suppose -2*k + 968 = 3*x + 216, 757 = 3*x + k. Suppose g - 3*g = -x. What are the prime factors of g?
127
Let p(h) = 2*h**2 + 52*h - 52. What are the prime factors of p(-38)?
2, 5, 43
Suppose 4*t = 3*t + 1. Suppose -6 = m - 2*m. Suppose 4*q - 6 = 3*k - m*k, -3*q = 5*k + t. What are the prime factors of q?
3
Let g(n) = n**2 + 8*n + 14. Let h be (-10)/(-25) + (-62)/5. List the prime factors of g(h).
2, 31
Suppose 2*f - 6007 + 20503 = 0. Let u be 3/4 - f/64. What are the prime factors of (2/(-4))/((-3)/u)?
19
What are the prime factors of (-74665)/(-50) - (1 - 42/60)?
1493
Let a(o) = -o**2 - 10*o + 7. Suppose 0*p = -4*p - 64. Let w be (1 - 2)/((-2)/p). What are the prime fac